ite?
True
Is 3569017 prime?
False
Is 25184611 prime?
True
Is 20501363 a composite number?
False
Is 35813098 a composite number?
True
Is 217619 composite?
False
Is 60417769 a composite number?
False
Is 22842031 composite?
False
Is 26656697 composite?
True
Is 16772491 composite?
False
Is 46448419 a composite number?
True
Is 8800889 prime?
True
Is 62960981 composite?
False
Is 6322679 prime?
False
Is 18828833 a prime number?
False
Is 22313293 a composite number?
True
Is 2446091 composite?
False
Is 272140753 prime?
True
Is 548549 prime?
False
Is 19462279 prime?
True
Is 6739771 a prime number?
True
Is 3656927 a prime number?
False
Is 6060581 a prime number?
True
Is 213317783 a prime number?
False
Is 808919 a composite number?
False
Is 80664007 composite?
False
Is 468967 composite?
False
Is 4900783 composite?
False
Is 119653861 a prime number?
True
Is 180053 prime?
True
Is 168908099 a composite number?
True
Is 7160377 composite?
True
Is 3701899 prime?
False
Is 47227 a prime number?
False
Is 17068355 prime?
False
Is 39627913 a prime number?
False
Is 137763493 composite?
True
Is 20884769 composite?
True
Is 8522527 prime?
False
Is 1433077 a prime number?
False
Is 85600807 a prime number?
False
Is 390647 a composite number?
False
Is 826509 a composite number?
True
Is 509023 prime?
True
Is 9969313 a composite number?
False
Is 23346681 prime?
False
Is 18758023 composite?
True
Is 34029509 a composite number?
True
Is 2801681 a prime number?
True
Is 172451 a composite number?
True
Is 6198893 a composite number?
True
Is 19553231 composite?
False
Is 251035817 a composite number?
False
Is 5657969 prime?
True
Is 42123659 prime?
True
Is 5078803 a composite number?
True
Is 12309343 prime?
False
Is 16515115 composite?
True
Is 33924989 a prime number?
False
Is 32314939 a composite number?
False
Is 4722595 composite?
True
Is 6798457 a prime number?
True
Is 4423967 composite?
True
Is 32656121 a composite number?
False
Is 15255719 a composite number?
False
Is 92743439 composite?
False
Is 549623 prime?
True
Is 127103241 composite?
True
Is 155218971 composite?
True
Is 714121 a prime number?
False
Is 382138877 prime?
True
Is 11181199 prime?
False
Is 14035709 prime?
True
Is 3592747 a prime number?
True
Is 53368153 composite?
False
Is 266175109 a composite number?
True
Is 23368903 a composite number?
False
Is 35169287 a composite number?
False
Is 2923961 a composite number?
False
Is 11430941 a prime number?
False
Is 5832097 composite?
False
Is 213281 a prime number?
True
Is 103696657 a composite number?
False
Is 15141317 composite?
True
Is 216168635 prime?
False
Is 7241723 a composite number?
False
Is 3294791 composite?
False
Is 71210885 a composite number?
True
Is 183018541 a prime number?
True
Is 20817551 prime?
True
Is 4979467 a prime number?
True
Is 113878163 a prime number?
False
Is 3662639 a composite number?
False
Is 1318409 a prime number?
True
Is 4848979 prime?
True
Is 519052447 a prime number?
False
Is 7256497 a composite number?
False
Is 41191415 prime?
False
Is 37800227 composite?
False
Is 76437987 prime?
False
Is 2481797 a prime number?
True
Is 31401767 prime?
True
Is 259201507 composite?
True
Is 3763897 composite?
False
Is 84041933 a composite number?
True
Is 80076989 prime?
False
Is 209108693 a composite number?
False
Is 87038911 a composite number?
True
Is 231072367 prime?
True
Is 2987279 prime?
True
Is 2112263 composite?
False
Is 7367587 a prime number?
True
Is 915627 a composite number?
True
Is 247736119 a prime number?
True
Is 25426501 prime?
True
Is 12012043 a prime number?
False
Is 11581711 composite?
False
Is 105290243 a prime number?
True
Is 1985551 composite?
False
Is 1394977 a composite number?
False
Is 13694621 composite?
False
Is 341689583 a prime number?
True
Is 14026487 composite?
False
Is 1438663 a prime number?
True
Is 5614127 a composite number?
True
Is 31889527 composite?
False
Is 695907599 a prime number?
True
Is 561257 prime?
False
Is 6145159 composite?
False
Is 91547 a prime number?
False
Is 35771 composite?
False
Is 115660861 a prime number?
True
Is 30400093 a composite number?
True
Is 26868263 composite?
True
Is 112618573 prime?
True
Is 6253517 a prime number?
True
Is 183869653 a composite number?
True
Is 289929 a composite number?
True
Is 9402805 a composite number?
True
Is 18934477 a prime number?
False
Is 3824837 prime?
True
Is 7494829 prime?
False
Is 34369561 composite?
False
Is 39629087 prime?
True
Is 9787091 composite?
False
Is 17073257 prime?
False
Is 223876661 prime?
True
Is 275004103 a composite number?
True
Is 9997271 a composite number?
True
Is 72129 prime?
False
Is 23439329 prime?
False
Is 24851591 composite?
False
Is 229189 a prime number?
True
Is 80118471 prime?
False
Is 104457 composite?
True
Is 12315989 a prime number?
False
Is 16197458 a composite number?
True
Is 3269207 a prime number?
True
Is 5060633 a prime number?
False
Is 16721087 a prime number?
True
Is 833423 a prime number?
False
Is 205395341 prime?
True
Is 8823233 a prime number?
True
Is 119776769 composite?
True
Is 2293549 a prime number?
True
Is 49422619 prime?
False
Is 159425327 composite?
False
Is 57935087 composite?
True
Is 18742847 composite?
False
Is 30371927 prime?
True
Is 47474209 composite?
False
Is 10703053 a prime number?
True
Is 15339383 composite?
False
Is 141862769 a composite number?
False
Is 29711909 prime?
True
Is 9315289 a composite number?
False
Is 5744803 composite?
False
Is 142104247 prime?
True
Is 1372601 a composite number?
True
Is 38374543 prime?
False
Is 164502577 composite?
True
Is 761141 composite?
True
Is 13091291 composite?
False
Is 1857671 composite?
False
Is 71011393 composite?
True
Is 3006922 composite?
True
Is 308887 a prime number?
True
Is 44123077 a composite number?
True
Is 3351773 prime?
False
Is 71402339 prime?
True
Is 82529 a composite number?
False
Is 437660441 a prime number?
True
Is 1281930245 composite?
True
Is 123177721 prime?
True
Is 14595797 prime?
False
Is 10284641 prime?
False
Is 9759053 prime?
False
Is 16117253 a composite number?
False
Is 7880066 prime?
False
Is 932303 composite?
False
Is 108440207 a composite number?
True
Is 22229627 composite?
True
Is 7252601 a composite number?
False
Is 27091801 a composite number?
True
Is 39579079 composite?
True
Is 28505411 a composite number?
True
Is 458357 prime?
True
Is 55574347 a prime number?
False
Is 189301699 composite?
False
Is 267755819 composite?
False
Is 33236779 a composite number?
False
Is 2028359 composite?
False
Is 27994601 a composite number?
True
Is 424010159 a composite number?
False
Is 2423129 composite?
True
Is 103907933 a composite number?
True
Is 22818397 a composite number?
True
Is 6752471 prime?
False
Is 109612699 composite?
True
Is 4974505 a composite number?
True
Is 59506849 a prime number?
False
Is 6316267 prime?
False
Is 780205 a composite number?
True
Is 1217893 a composite number?
False
Is 526933 a prime number?
False
Is 33278813 prime?
True
Is 339947 prime?
False
Is 4530217 composite?
True
Is 10014221 composite?
True
Is 242931121 a prime number?
False
Is 48347797 a prime number?
True
Is 84081323 composite?
False
Is 2962363 a composite number?
True
Is 59401249 a composite number?
True
Is 1447657 a prime number?
False
Is 3798149 composite?
False
Is 3242279 composite?
False
Is 5668057 prime?
False
Is 10965777 prime?
False
Is 66844439 a prime number?
True
Is 11151379 prime?
False
Is 6628471 a composite number?
True
Is 4909241 composite?
False
Is 1014067 a prime number?
False
Is 4042127 a prime number?
False
Is 11460569 a prime number?
True
Is 424130383 a composite number?
False
Is 534821 a prime number?
False
Is 13924351 a prime number?
False
Is 2568457 composite?
False
Is 11105429 a prime number?
True
Is 18359273 a composite number?
True
Is 216554207 a composite number?
False
Is 500912683 composite?
True
Is 26563111 a prime number?
True
Is 6198179 composite?
True
Is 4807723 a composite number?
True
Is 3529843 a prime number?
True
Is 1550221 prime?
True
Is 136106779 a prime number?
True
Is 6206433 prime?
False
Is 2428849 a composite number?
True
Is 7561781 composite?
True
Is 110585953 prime?
False
Is 7787881 prime?
True
Is 196360387 composite?
True
Is 553403 composite?
True
Is 11163949 a prime number?
True
Is 26627071 a composite number?
Fals